)/i.
2
Suppose -45 = 2*h - 5. Let n = -16 - h. List the prime factors of n.
2
Let p(c) = c**3 + 7*c**2 - 11*c - 11. Let v(b) = b**3 + 3*b**2 + 2*b - 2. Let x be v(-3). What are the prime factors of p(x)?
13
Suppose -5*n = 2*w - 62, -28 = 5*w + 3*n - 164. Suppose -3*b = -5*a + w + 64, -a = b - 10. List the prime factors of a.
3, 5
Suppose 3*s + 2*m - 16 = 0, -5*m = -3*m - 4. Suppose 6*n - n = -3*f + s, -7 = n - 2*f. Let w(x) = -5*x - 1. What are the prime factors of w(n)?
2
Let y be 5 + -5 + (-1 - -9). Suppose 5*h - y*h = -9. Suppose s - h = -1. What are the prime factors of s?
2
Let u(m) = m - 2. Let j = 4 - 9. Let s(v) = 3*v - 3. Let q(l) = j*s(l) + 9*u(l). List the prime factors of q(-2).
3
Suppose 14 = -i + 3*q + 2*q, 0 = -5*i - 2*q + 11. Suppose -i = -2*w + 23. What are the prime factors of w?
2, 3
Let k = 3 + -6. Let v = -7 - -12. Let o = v + k. List the prime factors of o.
2
Let d = -1 - -5. Let x be (-8 + 2)/3 + 6. Suppose -3*y + d*r = -33, -x*y + 44 = 3*r + r. What are the prime factors of y?
11
Let m be 2/(-8) + 6/24. Let c = 4 - m. What are the prime factors of c?
2
Let n = 226 + -153. What are the prime factors of n?
73
Let z(w) = w**2 - 3*w - 2. Let t be z(4). What are the prime factors of ((-18)/4)/(t/(-4))?
3
What are the prime factors of ((-85)/(-4))/(11/88)?
2, 5, 17
Let r be -1 + ((-6)/(-3))/(-2). Let x be (-3 - -2)*-1 - r. Suppose 47 + 11 = x*o - 4*z, -50 = -3*o + 2*z. List the prime factors of o.
2, 7
Let g be (1 + 0/2)*7. Let t(h) = 0 + h - g*h - 1. List the prime factors of t(-2).
11
Suppose -2*y - 15 + 292 = 5*q, 4*q - 412 = -3*y. What are the prime factors of y?
2, 17
Let w = 2 - 0. Suppose b - 28 = -2*c, 3*c + w*b - 30 = c. List the prime factors of c.
13
Suppose 0*u + 3*s + 45 = 5*u, -3*u - 4*s = -56. Suppose -a - 2*a + u = 0. What are the prime factors of (5/(-4))/((-1)/a)?
5
Suppose 5*m - 146 = -3*b + 4*b, 0 = -2*m + 4*b + 62. List the prime factors of m.
29
Suppose -20 = -2*l + 10. Let z = l + -4. What are the prime factors of z?
11
Let d = -24 + 40. Let n = 6 + d. What are the prime factors of (-2)/(-8) - n/(-8)?
3
Suppose 2*j + 0*j = -4. Let w = 16 - j. What are the prime factors of w?
2, 3
Suppose 0 = r + 3*r. Suppose -4*f = -4*q - 32, -2*f - q - 2 + 3 = r. List the prime factors of f.
3
Suppose -135 = -5*k + 3*c, 3*k + 0*k = -5*c + 115. What are the prime factors of k?
2, 3, 5
Let l be (-1 - 4)/(-1 + 0). Let d(u) = u**3 - 6*u**2 + 8*u - 5. List the prime factors of d(l).
2, 5
Let n(v) = 6*v**3 - 2*v**2 + 2*v - 1. Suppose -5*a + 2 = -3. Let m be n(a). Suppose 3*r = -r - m*f + 33, -f - 3 = 0. What are the prime factors of r?
2, 3
Suppose 3*p - 3*h + 4*h = 16, 0 = -5*p + 3*h + 8. List the prime factors of (-1 - -14) + p + -4.
13
Let q(a) = a**3 + 4*a**2 + 2*a - 9. List the prime factors of q(4).
127
Let q(c) = -11*c. What are the prime factors of q(-3)?
3, 11
Let y be (-140)/(-6)*9/6. Suppose 2*j - y = -v + 17, -j + v + 26 = 0. List the prime factors of j.
2, 13
Let z = -14 - -7. List the prime factors of 4 - 1 - (-2 + z).
2, 3
Let x(n) be the second derivative of n**4/12 + 4*n**3/3 + 4*n**2 + n. List the prime factors of x(-8).
2
Let z be ((-3)/1 - -2)*-2. Suppose 0 = 3*l + z - 17. Suppose l*a + 6 = 71. What are the prime factors of a?
13
Let n = 26 + -21. What are the prime factors of n?
5
Suppose -2*b + 13 = -3*j + 116, 0 = -4*j + 2*b + 138. List the prime factors of j.
5, 7
Suppose -2*y - 11 + 43 = 0. Suppose -6*n + 4*n + y = 0. What are the prime factors of n?
2
Let v be 288/21 - (-4)/14. Let n = v + -9. List the prime factors of n.
5
Let y = -58 - -100. List the prime factors of y.
2, 3, 7
Suppose t = -4 + 34. Suppose i = -2*w + t, 0*i + 3*i = -w + 80. List the prime factors of i.
2, 13
Suppose 3*m - 5*l = 2, 0*l + 2*l + 12 = 4*m. Suppose 0*q + 220 = m*q. Suppose -3*a + 8*a - q = 0. What are the prime factors of a?
11
Let b(q) = -5*q. Let h be b(-7). Suppose -l - 7 = -h. Suppose 0 = -3*m + 2*r + 21, -5*m + 29 = 4*r - l. What are the prime factors of m?
3
Let l(v) = 18*v + 1. What are the prime factors of l(2)?
37
Suppose d + 2 = -2*q, 4*q - 2*q = -5*d + 6. List the prime factors of 1 + (-4 + d - -3).
2
Suppose 7 = 3*l - 14. Let v(b) = 2*b - 2 + 0*b - 3. What are the prime factors of v(l)?
3
Suppose 251 = 4*n - 369. List the prime factors of n.
5, 31
Suppose -4*w = -2*m - 222, 4*w = -2*m + 36 + 174. List the prime factors of w.
2, 3
Let n be (-1)/2 - (-46)/4. Suppose n*y - 17 = 10*y. List the prime factors of y.
17
Let d = 1 - -2. Suppose 2*v - 219 = -d*x + 5*v, -4*x + 301 = 5*v. What are the prime factors of (-3)/12 - x/(-8)?
3
Suppose -2*y + 3*y - 35 = 0. What are the prime factors of y?
5, 7
Suppose 15 = u + 2*u, 3*w = u + 37. What are the prime factors of w?
2, 7
Let r = 23 - 43. Let h = 30 + r. What are the prime factors of ((-5)/h)/((-1)/24)?
2, 3
Suppose 27 = 3*g - 138. List the prime factors of g.
5, 11
Suppose 5*f - 3*v = 53, -2*f + 0*f + v + 21 = 0. Let p = f - 7. What are the prime factors of -1*(-8 + 1) - p?
2
Suppose 4*h - 3*h = 0. Let w = 19 + h. What are the prime factors of w?
19
Let o = -2 + 2. Suppose o*g = -g + 4. Suppose -5*i + 2 = -g*i. What are the prime factors of i?
2
Suppose 2*z - 18 = -z. Suppose 4*k - z = 2. List the prime factors of k.
2
Let q(d) be the first derivative of 3*d**2 - 5*d + 1/4*d**4 - 5/3*d**3 - 1. What are the prime factors of q(4)?
3
Suppose 8*b - 4*b + 40 = 0. Let g be (-1 - 8/(-6))*-3. Let w = g - b. What are the prime factors of w?
3
Suppose -31*k = -33*k + 372. What are the prime factors of k?
2, 3, 31
Let o(d) = -8*d - 20. What are the prime factors of o(-5)?
2, 5
Let h(b) = -b**2 - 6*b - 1. Suppose 0 = -3*g + 2*n + 6, g + 9*n - 5*n - 2 = 0. Suppose -12 + g = 2*r. List the prime factors of h(r).
2
Let q be (5 + -6)/(1/(-5)). Suppose -r = -3*r + 3*f + 19, q*r + 3*f = -5. What are the prime factors of r?
2
List the prime factors of (((-261)/(-6))/3)/(3/18).
3, 29
Let a = -25 - -52. Let v = a - 11. What are the prime factors of v?
2
Let n be 0 + -1 + 1 + -5. Let g(y) be the first derivative of y**4/4 + 5*y**3/3 + 5*y - 4. What are the prime factors of g(n)?
5
Suppose -5*u = 5*c - 20, -4*u + 17 - 7 = c. Let x(b) = -c*b + 12 - 5*b + b**2 - 3. What are the prime factors of x(6)?
3
What are the prime factors of 1*(-4 + 0 + 9)?
5
Suppose 5*h - 50 = r - 0*r, -5*h - 40 = 2*r. Let s = 14 + r. Let w = s + 28. List the prime factors of w.
2, 3
Let h(w) = 3*w - 24. Let b(g) = 2*g - 16. Let c(p) = 7*b(p) - 5*h(p). Let y be c(0). List the prime factors of -3*y*(-3)/9.
2
Suppose -4*s + 145 = 3*i, 2*s + 44 = 2*i - 62. List the prime factors of i.
3, 17
Let c(r) = 8*r - 3. Let o be c(6). Suppose o = -0*n + 3*n. What are the prime factors of (10/6)/(5/n)?
5
Let j = 20 - -134. What are the prime factors of j?
2, 7, 11
Suppose -3*g = -2*w - 6, 2*g = -4*w + 3*w - 10. Let z be (9/w - -2)*14. Let v(s) = s**2 - 6*s + 6. List the prime factors of v(z).
13
Let l be -1 - -2*3*4. Suppose 9 = j - z, 4*z + 1 + l = j. Suppose -p - j*p = -65. What are the prime factors of p?
13
List the prime factors of 0 + 23 - (19 + -22).
2, 13
Let w = -17 - -59. List the prime factors of w.
2, 3, 7
Let d(h) = h**2 - 5*h - 6. Let z be d(-5). Suppose -3*u + z = u. What are the prime factors of u?
11
Let y = -1 + 3. Let h = 4 - y. Suppose h*w + 0*v - 20 = -v, 5*w = -v + 56. List the prime factors of w.
2, 3
Suppose n - 113 = 3. What are the prime factors of n?
2, 29
Suppose 5*i - 11 = 34. List the prime factors of i.
3
Suppose -5*m - 194 = -3*k - m, -5*k + 275 = 3*m. List the prime factors of k.
2, 29
Suppose 0 = -3*m + l + 146, -2*l + 0*l - 10 = 0. List the prime factors of m.
47
Let g = -24 - -13. Let p = 1 - g. List the prime factors of p.
2, 3
Suppose 0 = z - 27 - 23. Let v = 83 - z. What are the prime factors of v?
3, 11
Let u be (-35)/(-14) - (-2)/(-4). Suppose 0 = -o + u*y - 25, 3*o + 25 = -4*y - 0. List the prime factors of (-84)/o + (-4)/(-10).
2, 3
Suppose -r - 2*y - 8 + 3 = 0, 27 = 5*r - 3*y. Suppose 2 + 2 = 4*l. Let d = r - l. List the prime factors of d.
2
Let c(r) = 23*r**3 + r**2 + 2*r - 2. List the prime factors of c(1).
2, 3
Suppose 146 + 10 = h. Suppose h = 7*b - 103. What are the prime factors of b?
37
Let c(y) = y**2 - 18*y - 38. What are the prime factors of c(20)?
2
Let p = -4 + 4. Let